{"id":96,"date":"2020-10-11T14:53:40","date_gmt":"2020-10-11T14:53:40","guid":{"rendered":"http:\/\/www.recyklacnivikend.cz\/?page_id=96"},"modified":"2025-10-06T12:36:06","modified_gmt":"2025-10-06T12:36:06","slug":"https-www-muzejnirecyklace-cz-chci-se-zapojit","status":"publish","type":"page","link":"https:\/\/www.muzejnirecyklace.cz\/?page_id=96","title":{"rendered":"Chci se zapojit"},"content":{"rendered":"\n<h3 class=\"wp-block-heading has-text-align-center has-secondary-color has-text-color\"><strong> p\u00e1tek 10.-12. 10. 2025<\/strong><\/h3>\n\n\n\n<div class=\"wp-block-group is-layout-flow\"><div class=\"wp-block-group__inner-container\"><\/div><\/div>\n\n\n\n<div class=\"wp-block-columns alignwide is-layout-flex wp-container-4\">\n<div class=\"wp-block-column is-layout-flow\">\n<p class=\"has-accent-color has-text-color has-large-font-size\"><strong>N\u00e1rodn\u00ed technick\u00e9 muzeum spole\u010dn\u011b s&nbsp;kolektivn\u00edm syst\u00e9mem Elektrowin zve na tradi\u010dn\u00ed Recykla\u010dn\u00ed v\u00edkend, kter\u00fd prob\u011bhne 10.\u201312. \u0159\u00edjna 2025.<br>Tak jako v&nbsp;minul\u00fdch letech se akce uskute\u010dn\u00ed online prost\u0159ednictv\u00edm facebookov\u00e9 str\u00e1nky NTM, ale z\u00e1rove\u0148 se vrac\u00ed i&nbsp;mo\u017enost don\u00e9st vyslou\u017eil\u00fd spot\u0159ebi\u010d osobn\u011b p\u0159ed budovu muzea na Letn\u00e9.<\/strong><\/p>\n<\/div>\n\n\n\n<div class=\"wp-block-column is-layout-flow\">\n<figure class=\"wp-block-image alignfull size-large is-style-default\"><img decoding=\"async\" loading=\"lazy\" width=\"1024\" height=\"682\" src=\"https:\/\/www.muzejnirecyklace.cz\/wp-content\/uploads\/2020\/10\/web_mensi-3-1024x682.jpg\" alt=\"\" class=\"wp-image-142\" srcset=\"https:\/\/www.muzejnirecyklace.cz\/wp-content\/uploads\/2020\/10\/web_mensi-3-1024x682.jpg 1024w, https:\/\/www.muzejnirecyklace.cz\/wp-content\/uploads\/2020\/10\/web_mensi-3-300x200.jpg 300w, https:\/\/www.muzejnirecyklace.cz\/wp-content\/uploads\/2020\/10\/web_mensi-3-768x512.jpg 768w, https:\/\/www.muzejnirecyklace.cz\/wp-content\/uploads\/2020\/10\/web_mensi-3-1200x800.jpg 1200w, https:\/\/www.muzejnirecyklace.cz\/wp-content\/uploads\/2020\/10\/web_mensi-3.jpg 1400w\" sizes=\"(max-width: 1024px) 100vw, 1024px\" \/><\/figure>\n<\/div>\n<\/div>\n\n\n\n<hr class=\"wp-block-separator has-text-color has-accent-color has-css-opacity has-accent-background-color has-background is-style-wide\"\/>\n\n\n\n<div class=\"wp-block-columns is-layout-flex wp-container-6\">\n<div class=\"wp-block-column is-layout-flow\">\n<h2 class=\"wp-block-heading has-accent-color has-text-color\">Jak na to ?<\/h2>\n\n\n\n<p style=\"font-size:25px\">Fyzicky<\/p>\n\n\n\n<p>Ve\u00a0<strong>p\u00e1tek 10. a\u00a0sobotu 11. \u0159\u00edjna od 9:30 do 17:00<\/strong>\u00a0bude p\u0159ed hlavn\u00edm vchodem do NTM otev\u0159en\u00a0<strong>recykla\u010dn\u00ed st\u00e1nek Elektrowinu<\/strong>, kde mohou n\u00e1v\u0161t\u011bvn\u00edci sv\u00e9 spot\u0159ebi\u010de odevzdat k\u00a0ekologick\u00e9 recyklaci. Ka\u017ed\u00fd, kdo p\u0159inese spot\u0159ebi\u010d, z\u00edsk\u00e1\u00a0<strong>kup\u00f3n na slevu 190 K\u010d z\u00a0pln\u00e9ho vstupn\u00e9ho do muzea<\/strong>, platn\u00fd do\u00a0<strong>31. \u0159\u00edjna 2026<\/strong><\/p>\n\n\n\n<p>Prvn\u00edch\u00a0<strong>p\u011bt p\u0159isp\u011bvatel\u016f<\/strong>\u00a0obdr\u017e\u00ed nav\u00edc\u00a0<strong>pouk\u00e1zku v\u00a0hodnot\u011b 500 K\u010d<\/strong>\u00a0na n\u00e1kup spot\u0159ebn\u00edho zbo\u017e\u00ed. Pokud bude nab\u00edzen\u00fd p\u0159edm\u011bt vybr\u00e1n do sb\u00edrek NTM, d\u00e1rce obdr\u017e\u00ed\u00a0<strong>dv\u011b \u010destn\u00e9 vstupenky<\/strong>\u00a0na z\u00e1klad\u011b jednoduch\u00e9 darovac\u00ed smlouvy.Online<\/p>\n\n\n\n<p style=\"font-size:25px\">Online<\/p>\n\n\n\n<p>Kur\u00e1to\u0159i NTM a\u00a0z\u00e1stupci Elektrowinu budou v\u00a0<strong>p\u00e1tek, sobotu a\u00a0ned\u011bli (10.\u201312. \u0159\u00edjna)<\/strong>\u00a0v\u017edy od\u00a0<strong>9:30 do 12:30 a\u00a0od 13:30 do 16:30<\/strong>\u00a0k\u00a0dispozici tak\u00e9\u00a0<strong><a rel=\"noreferrer noopener\" href=\"https:\/\/www.facebook.com\/events\/793870186420202?active_tab=about\" target=\"_blank\">online na chatu na Facebooku NTM<\/a><\/strong>, kde budou reagovat na nab\u00eddky a\u00a0dotazy. Porad\u00ed s\u00a0ekologick\u00fdm nakl\u00e1d\u00e1n\u00edm s\u00a0elektroodpadem, vysv\u011btl\u00ed proces recyklace a\u00a0doporu\u010d\u00ed nejbli\u017e\u0161\u00ed sb\u011brn\u00e1 m\u00edsta.<\/p>\n\n\n\n<p>Kur\u00e1torka\u00a0<strong>Lucie St\u0159echov\u00e1<\/strong>\u00a0p\u0159ipom\u00edn\u00e1, \u017ee minul\u00fd ro\u010dn\u00edk p\u0159inesl mimo jin\u00e9 cenn\u00fd p\u0159\u00edr\u016fstek do muzejn\u00edch sb\u00edrek \u2013\u00a0<strong>vysava\u010d AEG Vampyr z\u00a0roku 1936<\/strong>, kter\u00fd se stal \u201enej muzejn\u00edm kouskem 2024\u201c. \u201eTakov\u00e9 p\u0159edm\u011bty s\u00a0p\u016fvodn\u00ed dokumentac\u00ed jsou pro n\u00e1s nesm\u00edrn\u011b cenn\u00e9, proto\u017ee odhaluj\u00ed p\u0159\u00edb\u011bh techniky i\u00a0jej\u00edch u\u017eivatel\u016f,\u201c dod\u00e1v\u00e1.<\/p>\n\n\n\n<p>Recykla\u010dn\u00ed v\u00edkend se kon\u00e1\u00a0<strong>v\u00a0r\u00e1mci oslav Mezin\u00e1rodn\u00edho dne elektroodpadu (14. \u0159\u00edjna)<\/strong>\u00a0a\u00a0doprov\u00e1z\u00ed jej celoro\u010dn\u00ed sout\u011b\u017e\u00a0<strong>M\u00e1te doma muzejn\u00ed kousek?<\/strong>, vyhla\u0161ovan\u00e1 od dubna s\u00a0celorepublikovou p\u016fsobnost\u00ed.<\/p>\n<\/div>\n<\/div>\n\n\n\n<div class=\"wp-block-columns alignwide is-layout-flex wp-container-9\">\n<div class=\"wp-block-column is-layout-flow\" style=\"flex-basis:66.66%\">\n<figure class=\"wp-block-image size-large\"><img decoding=\"async\" loading=\"lazy\" width=\"1065\" height=\"1080\" src=\"https:\/\/www.muzejnirecyklace.cz\/wp-content\/uploads\/2024\/09\/Mate-i-vy-doma-tolik-zajimavych-spotrebicu-zapojte-se-do-letosniho-Recyklacniho-vikendu-obrazek-1-1065x1080.jpg\" alt=\"\" class=\"wp-image-760\" srcset=\"https:\/\/www.muzejnirecyklace.cz\/wp-content\/uploads\/2024\/09\/Mate-i-vy-doma-tolik-zajimavych-spotrebicu-zapojte-se-do-letosniho-Recyklacniho-vikendu-obrazek-1-1065x1080.jpg 1065w, https:\/\/www.muzejnirecyklace.cz\/wp-content\/uploads\/2024\/09\/Mate-i-vy-doma-tolik-zajimavych-spotrebicu-zapojte-se-do-letosniho-Recyklacniho-vikendu-obrazek-1-296x300.jpg 296w, https:\/\/www.muzejnirecyklace.cz\/wp-content\/uploads\/2024\/09\/Mate-i-vy-doma-tolik-zajimavych-spotrebicu-zapojte-se-do-letosniho-Recyklacniho-vikendu-obrazek-1-148x150.jpg 148w, https:\/\/www.muzejnirecyklace.cz\/wp-content\/uploads\/2024\/09\/Mate-i-vy-doma-tolik-zajimavych-spotrebicu-zapojte-se-do-letosniho-Recyklacniho-vikendu-obrazek-1-768x779.jpg 768w, https:\/\/www.muzejnirecyklace.cz\/wp-content\/uploads\/2024\/09\/Mate-i-vy-doma-tolik-zajimavych-spotrebicu-zapojte-se-do-letosniho-Recyklacniho-vikendu-obrazek-1-1515x1536.jpg 1515w, https:\/\/www.muzejnirecyklace.cz\/wp-content\/uploads\/2024\/09\/Mate-i-vy-doma-tolik-zajimavych-spotrebicu-zapojte-se-do-letosniho-Recyklacniho-vikendu-obrazek-1-1200x1217.jpg 1200w, https:\/\/www.muzejnirecyklace.cz\/wp-content\/uploads\/2024\/09\/Mate-i-vy-doma-tolik-zajimavych-spotrebicu-zapojte-se-do-letosniho-Recyklacniho-vikendu-obrazek-1.jpg 1600w\" sizes=\"(max-width: 1065px) 100vw, 1065px\" \/><\/figure>\n<\/div>\n\n\n\n<div class=\"wp-block-column is-layout-flow\" style=\"flex-basis:33.33%\">\n<h3 class=\"wp-block-heading has-accent-color has-text-color\">M\u00e1 smysl se zapojit<\/h3>\n\n\n\n<p class=\"has-primary-color has-text-color\" style=\"font-size:25px\">Ka\u017ed\u00fd p\u0159edm\u011bt, kter\u00fd ve Va\u0161em domov\u011b doslou\u017eil je\u0161t\u011b st\u00e1le m\u016f\u017ee m\u00edt sv\u00e9 uplatn\u011bn\u00ed. Mo\u017en\u00e1 m\u00e1te doma vz\u00e1cn\u00fd a jedine\u010dn\u00fd kus, kter\u00fd si zaslou\u017e\u00ed sv\u00e9 m\u00edsto v N\u00e1rodn\u00edm technick\u00e9m muzeu v na\u0161\u00ed expozici nebo v depozit\u00e1\u0159i, aby byl uchov\u00e1n pro dal\u0161\u00ed generace. A pokud by se n\u00e1m dan\u00fd p\u0159edm\u011bt do sb\u00edrek p\u0159eci jen nehodil, st\u00e1le je z n\u011bj mo\u017en\u00e9 z\u00edskat suroviny, kter\u00e9 mohou b\u00fdt op\u011btovn\u011b pou\u017eity ve v\u00fdrob\u011b, to je \u00fakol kolektivn\u00edho syst\u00e9mu Elektrowin. P\u0159ipojte se k n\u00e1m ve dnech <br>10 a\u017e 12. \u0159\u00edjna. 2025.<\/p>\n<\/div>\n<\/div>\n","protected":false},"excerpt":{"rendered":"<p>p\u00e1tek 10.-12. 10. 2025 N\u00e1rodn\u00ed technick\u00e9 muzeum spole\u010dn\u011b s&nbsp;kolektivn\u00edm syst\u00e9mem Elektrowin zve na tradi\u010dn\u00ed Recykla\u010dn\u00ed v\u00edkend, kter\u00fd prob\u011bhne 10.\u201312. \u0159\u00edjna 2025.Tak jako v&nbsp;minul\u00fdch letech se akce uskute\u010dn\u00ed online prost\u0159ednictv\u00edm facebookov\u00e9 str\u00e1nky NTM, ale z\u00e1rove\u0148 se vrac\u00ed i&nbsp;mo\u017enost don\u00e9st vyslou\u017eil\u00fd spot\u0159ebi\u010d osobn\u011b p\u0159ed budovu muzea na Letn\u00e9. Jak na to ? Fyzicky Ve\u00a0p\u00e1tek 10. a\u00a0sobotu 11. [&hellip;]<\/p>\n","protected":false},"author":2,"featured_media":0,"parent":0,"menu_order":0,"comment_status":"closed","ping_status":"closed","template":"","meta":[],"_links":{"self":[{"href":"https:\/\/www.muzejnirecyklace.cz\/index.php?rest_route=\/wp\/v2\/pages\/96"}],"collection":[{"href":"https:\/\/www.muzejnirecyklace.cz\/index.php?rest_route=\/wp\/v2\/pages"}],"about":[{"href":"https:\/\/www.muzejnirecyklace.cz\/index.php?rest_route=\/wp\/v2\/types\/page"}],"author":[{"embeddable":true,"href":"https:\/\/www.muzejnirecyklace.cz\/index.php?rest_route=\/wp\/v2\/users\/2"}],"replies":[{"embeddable":true,"href":"https:\/\/www.muzejnirecyklace.cz\/index.php?rest_route=%2Fwp%2Fv2%2Fcomments&post=96"}],"version-history":[{"count":93,"href":"https:\/\/www.muzejnirecyklace.cz\/index.php?rest_route=\/wp\/v2\/pages\/96\/revisions"}],"predecessor-version":[{"id":856,"href":"https:\/\/www.muzejnirecyklace.cz\/index.php?rest_route=\/wp\/v2\/pages\/96\/revisions\/856"}],"wp:attachment":[{"href":"https:\/\/www.muzejnirecyklace.cz\/index.php?rest_route=%2Fwp%2Fv2%2Fmedia&parent=96"}],"curies":[{"name":"wp","href":"https:\/\/api.w.org\/{rel}","templated":true}]}}

<h3 class="wp-block-heading has-text-align-center has-secondary-color has-text-color"><strong> pátek 10.-12. 10. 2025</strong></h3>



<div class="wp-block-group is-layout-flow"><div class="wp-block-group__inner-container"></div></div>



<div class="wp-block-columns alignwide is-layout-flex wp-container-4">
<div class="wp-block-column is-layout-flow">
<p class="has-accent-color has-text-color has-large-font-size"><strong>Národní technické muzeum společně s&nbsp;kolektivním systémem Elektrowin zve na tradiční Recyklační víkend, který proběhne 10.–12. října 2025.<br>Tak jako v&nbsp;minulých letech se akce uskuteční online prostřednictvím facebookové stránky NTM, ale zároveň se vrací i&nbsp;možnost donést vysloužilý spotřebič osobně před budovu muzea na Letné.</strong></p>
</div>



<div class="wp-block-column is-layout-flow">
<figure class="wp-block-image alignfull size-large is-style-default"><img decoding="async" loading="lazy" width="1024" height="682" src="https://www.muzejnirecyklace.cz/wp-content/uploads/2020/10/web_mensi-3-1024x682.jpg" alt="" class="wp-image-142" srcset="https://www.muzejnirecyklace.cz/wp-content/uploads/2020/10/web_mensi-3-1024x682.jpg 1024w, https://www.muzejnirecyklace.cz/wp-content/uploads/2020/10/web_mensi-3-300x200.jpg 300w, https://www.muzejnirecyklace.cz/wp-content/uploads/2020/10/web_mensi-3-768x512.jpg 768w, https://www.muzejnirecyklace.cz/wp-content/uploads/2020/10/web_mensi-3-1200x800.jpg 1200w, https://www.muzejnirecyklace.cz/wp-content/uploads/2020/10/web_mensi-3.jpg 1400w" sizes="(max-width: 1024px) 100vw, 1024px" /></figure>
</div>
</div>



<hr class="wp-block-separator has-text-color has-accent-color has-css-opacity has-accent-background-color has-background is-style-wide"/>



<div class="wp-block-columns is-layout-flex wp-container-6">
<div class="wp-block-column is-layout-flow">
<h2 class="wp-block-heading has-accent-color has-text-color">Jak na to ?</h2>



<p style="font-size:25px">Fyzicky</p>



<p>Ve <strong>pátek 10. a sobotu 11. října od 9:30 do 17:00</strong> bude před hlavním vchodem do NTM otevřen <strong>recyklační stánek Elektrowinu</strong>, kde mohou návštěvníci své spotřebiče odevzdat k ekologické recyklaci. Každý, kdo přinese spotřebič, získá <strong>kupón na slevu 190 Kč z plného vstupného do muzea</strong>, platný do <strong>31. října 2026</strong></p>



<p>Prvních <strong>pět přispěvatelů</strong> obdrží navíc <strong>poukázku v hodnotě 500 Kč</strong> na nákup spotřebního zboží. Pokud bude nabízený předmět vybrán do sbírek NTM, dárce obdrží <strong>dvě čestné vstupenky</strong> na základě jednoduché darovací smlouvy.Online</p>



<p style="font-size:25px">Online</p>



<p>Kurátoři NTM a zástupci Elektrowinu budou v <strong>pátek, sobotu a neděli (10.–12. října)</strong> vždy od <strong>9:30 do 12:30 a od 13:30 do 16:30</strong> k dispozici také <strong><a rel="noreferrer noopener" href="https://www.facebook.com/events/793870186420202?active_tab=about" target="_blank">online na chatu na Facebooku NTM</a></strong>, kde budou reagovat na nabídky a dotazy. Poradí s ekologickým nakládáním s elektroodpadem, vysvětlí proces recyklace a doporučí nejbližší sběrná místa.</p>



<p>Kurátorka <strong>Lucie Střechová</strong> připomíná, že minulý ročník přinesl mimo jiné cenný přírůstek do muzejních sbírek – <strong>vysavač AEG Vampyr z roku 1936</strong>, který se stal „nej muzejním kouskem 2024“. „Takové předměty s původní dokumentací jsou pro nás nesmírně cenné, protože odhalují příběh techniky i jejích uživatelů,“ dodává.</p>



<p>Recyklační víkend se koná <strong>v rámci oslav Mezinárodního dne elektroodpadu (14. října)</strong> a doprovází jej celoroční soutěž <strong>Máte doma muzejní kousek?</strong>, vyhlašovaná od dubna s celorepublikovou působností.</p>
</div>
</div>



<div class="wp-block-columns alignwide is-layout-flex wp-container-9">
<div class="wp-block-column is-layout-flow" style="flex-basis:66.66%">
<figure class="wp-block-image size-large"><img decoding="async" loading="lazy" width="1065" height="1080" src="https://www.muzejnirecyklace.cz/wp-content/uploads/2024/09/Mate-i-vy-doma-tolik-zajimavych-spotrebicu-zapojte-se-do-letosniho-Recyklacniho-vikendu-obrazek-1-1065x1080.jpg" alt="" class="wp-image-760" srcset="https://www.muzejnirecyklace.cz/wp-content/uploads/2024/09/Mate-i-vy-doma-tolik-zajimavych-spotrebicu-zapojte-se-do-letosniho-Recyklacniho-vikendu-obrazek-1-1065x1080.jpg 1065w, https://www.muzejnirecyklace.cz/wp-content/uploads/2024/09/Mate-i-vy-doma-tolik-zajimavych-spotrebicu-zapojte-se-do-letosniho-Recyklacniho-vikendu-obrazek-1-296x300.jpg 296w, https://www.muzejnirecyklace.cz/wp-content/uploads/2024/09/Mate-i-vy-doma-tolik-zajimavych-spotrebicu-zapojte-se-do-letosniho-Recyklacniho-vikendu-obrazek-1-148x150.jpg 148w, https://www.muzejnirecyklace.cz/wp-content/uploads/2024/09/Mate-i-vy-doma-tolik-zajimavych-spotrebicu-zapojte-se-do-letosniho-Recyklacniho-vikendu-obrazek-1-768x779.jpg 768w, https://www.muzejnirecyklace.cz/wp-content/uploads/2024/09/Mate-i-vy-doma-tolik-zajimavych-spotrebicu-zapojte-se-do-letosniho-Recyklacniho-vikendu-obrazek-1-1515x1536.jpg 1515w, https://www.muzejnirecyklace.cz/wp-content/uploads/2024/09/Mate-i-vy-doma-tolik-zajimavych-spotrebicu-zapojte-se-do-letosniho-Recyklacniho-vikendu-obrazek-1-1200x1217.jpg 1200w, https://www.muzejnirecyklace.cz/wp-content/uploads/2024/09/Mate-i-vy-doma-tolik-zajimavych-spotrebicu-zapojte-se-do-letosniho-Recyklacniho-vikendu-obrazek-1.jpg 1600w" sizes="(max-width: 1065px) 100vw, 1065px" /></figure>
</div>



<div class="wp-block-column is-layout-flow" style="flex-basis:33.33%">
<h3 class="wp-block-heading has-accent-color has-text-color">Má smysl se zapojit</h3>



<p class="has-primary-color has-text-color" style="font-size:25px">Každý předmět, který ve Vašem domově dosloužil ještě stále může mít své uplatnění. Možná máte doma vzácný a jedinečný kus, který si zaslouží své místo v Národním technickém muzeu v naší expozici nebo v depozitáři, aby byl uchován pro další generace. A pokud by se nám daný předmět do sbírek přeci jen nehodil, stále je z něj možné získat suroviny, které mohou být opětovně použity ve výrobě, to je úkol kolektivního systému Elektrowin. Připojte se k nám ve dnech <br>10 až 12. října. 2025.</p>
</div>
</div>

<p>pátek 10.-12. 10. 2025 Národní technické muzeum společně s&nbsp;kolektivním systémem Elektrowin zve na tradiční Recyklační víkend, který proběhne 10.–12. října 2025.Tak jako v&nbsp;minulých letech se akce uskuteční online prostřednictvím facebookové stránky NTM, ale zároveň se vrací i&nbsp;možnost donést vysloužilý spotřebič osobně před budovu muzea na Letné. Jak na to ? Fyzicky Ve pátek 10. a sobotu 11. [&hellip;]</p>
