{"id":805,"date":"2025-05-26T08:06:01","date_gmt":"2025-05-26T08:06:01","guid":{"rendered":"https:\/\/www.muzejnirecyklace.cz\/?page_id=805"},"modified":"2025-05-26T08:06:01","modified_gmt":"2025-05-26T08:06:01","slug":"20-let-elektrowinu","status":"publish","type":"page","link":"https:\/\/www.muzejnirecyklace.cz\/?page_id=805","title":{"rendered":"20 let Elektrowinu"},"content":{"rendered":"\n<figure class=\"wp-block-image size-large\"><img decoding=\"async\" loading=\"lazy\" width=\"1842\" height=\"1080\" src=\"https:\/\/www.muzejnirecyklace.cz\/wp-content\/uploads\/2025\/05\/Praha-1-1842x1080.jpg\" alt=\"\" class=\"wp-image-806\" srcset=\"https:\/\/www.muzejnirecyklace.cz\/wp-content\/uploads\/2025\/05\/Praha-1-1842x1080.jpg 1842w, https:\/\/www.muzejnirecyklace.cz\/wp-content\/uploads\/2025\/05\/Praha-1-300x176.jpg 300w, https:\/\/www.muzejnirecyklace.cz\/wp-content\/uploads\/2025\/05\/Praha-1-150x88.jpg 150w, https:\/\/www.muzejnirecyklace.cz\/wp-content\/uploads\/2025\/05\/Praha-1-768x450.jpg 768w, https:\/\/www.muzejnirecyklace.cz\/wp-content\/uploads\/2025\/05\/Praha-1-1536x901.jpg 1536w, https:\/\/www.muzejnirecyklace.cz\/wp-content\/uploads\/2025\/05\/Praha-1-2048x1201.jpg 2048w, https:\/\/www.muzejnirecyklace.cz\/wp-content\/uploads\/2025\/05\/Praha-1-1200x704.jpg 1200w, https:\/\/www.muzejnirecyklace.cz\/wp-content\/uploads\/2025\/05\/Praha-1-1980x1161.jpg 1980w\" sizes=\"(max-width: 1842px) 100vw, 1842px\" \/><\/figure>\n\n\n\n<p><strong>Ve st\u0159edu 21. 5. byla v\u00a0odjezdov\u00e9 hale Masarykova n\u00e1dra\u017e\u00ed slavnostn\u011b otev\u0159ena putovn\u00ed venkovn\u00ed v\u00fdstava k\u00a020. let\u00e9mu v\u00fdro\u010d\u00ed kolektivn\u00edho syst\u00e9mu ELEKTROWIN a\u00a0jeden z\u00a0panel\u016f byl v\u011bnov\u00e1n i\u00a0\u00fasp\u011b\u0161n\u00e9 spolupr\u00e1ci s\u00a0NTM. D\u011bkujeme t\u00edmto ELEKTROWINU za p\u0159\u00ednosnou spolupr\u00e1ci, kter\u00e1 trv\u00e1 ji\u017e 11 let.<\/strong><\/p>\n\n\n\n<p>Informace o\u00a0spolupr\u00e1ci syst\u00e9mu ELEKTROWIN a\u00a0NTM si m\u016f\u017eete prohl\u00e9dnout i\u00a0zde:\u00a0<a href=\"https:\/\/www.ntm.cz\/file\/f9a6add3f34310d100b2630d9813d3de\/12460\/20%20let%20Elektrowinu%20-%20Recyklujeme%20pro%20budoucnost%20-%20NTM.pdf\" target=\"_blank\" rel=\"noreferrer noopener\">20 let Elektrowinu &#8211; Recyklujeme pro budoucnost &#8211; NTM.pdf<\/a><\/p>\n\n\n\n<figure class=\"wp-block-image size-large\"><img decoding=\"async\" loading=\"lazy\" width=\"812\" height=\"1080\" src=\"https:\/\/www.muzejnirecyklace.cz\/wp-content\/uploads\/2025\/05\/predseda-predstavenstva-Elektrowinu-pan-Roman-Tvrznik-pred-vystavnim-panelem-venujici-se-spolupraci-s-NTM-812x1080.jpg\" alt=\"\" class=\"wp-image-807\" srcset=\"https:\/\/www.muzejnirecyklace.cz\/wp-content\/uploads\/2025\/05\/predseda-predstavenstva-Elektrowinu-pan-Roman-Tvrznik-pred-vystavnim-panelem-venujici-se-spolupraci-s-NTM-812x1080.jpg 812w, https:\/\/www.muzejnirecyklace.cz\/wp-content\/uploads\/2025\/05\/predseda-predstavenstva-Elektrowinu-pan-Roman-Tvrznik-pred-vystavnim-panelem-venujici-se-spolupraci-s-NTM-226x300.jpg 226w, https:\/\/www.muzejnirecyklace.cz\/wp-content\/uploads\/2025\/05\/predseda-predstavenstva-Elektrowinu-pan-Roman-Tvrznik-pred-vystavnim-panelem-venujici-se-spolupraci-s-NTM-113x150.jpg 113w, https:\/\/www.muzejnirecyklace.cz\/wp-content\/uploads\/2025\/05\/predseda-predstavenstva-Elektrowinu-pan-Roman-Tvrznik-pred-vystavnim-panelem-venujici-se-spolupraci-s-NTM-768x1021.jpg 768w, https:\/\/www.muzejnirecyklace.cz\/wp-content\/uploads\/2025\/05\/predseda-predstavenstva-Elektrowinu-pan-Roman-Tvrznik-pred-vystavnim-panelem-venujici-se-spolupraci-s-NTM.jpg 820w\" sizes=\"(max-width: 812px) 100vw, 812px\" \/><\/figure>\n","protected":false},"excerpt":{"rendered":"<p>Ve st\u0159edu 21. 5. byla v\u00a0odjezdov\u00e9 hale Masarykova n\u00e1dra\u017e\u00ed slavnostn\u011b otev\u0159ena putovn\u00ed venkovn\u00ed v\u00fdstava k\u00a020. let\u00e9mu v\u00fdro\u010d\u00ed kolektivn\u00edho syst\u00e9mu ELEKTROWIN a\u00a0jeden z\u00a0panel\u016f byl v\u011bnov\u00e1n i\u00a0\u00fasp\u011b\u0161n\u00e9 spolupr\u00e1ci s\u00a0NTM. D\u011bkujeme t\u00edmto ELEKTROWINU za p\u0159\u00ednosnou spolupr\u00e1ci, kter\u00e1 trv\u00e1 ji\u017e 11 let. Informace o\u00a0spolupr\u00e1ci syst\u00e9mu ELEKTROWIN a\u00a0NTM si m\u016f\u017eete prohl\u00e9dnout i\u00a0zde:\u00a020 let Elektrowinu &#8211; Recyklujeme pro budoucnost &#8211; NTM.pdf<\/p>\n","protected":false},"author":2,"featured_media":0,"parent":0,"menu_order":0,"comment_status":"closed","ping_status":"closed","template":"","meta":[],"_links":{"self":[{"href":"https:\/\/www.muzejnirecyklace.cz\/index.php?rest_route=\/wp\/v2\/pages\/805"}],"collection":[{"href":"https:\/\/www.muzejnirecyklace.cz\/index.php?rest_route=\/wp\/v2\/pages"}],"about":[{"href":"https:\/\/www.muzejnirecyklace.cz\/index.php?rest_route=\/wp\/v2\/types\/page"}],"author":[{"embeddable":true,"href":"https:\/\/www.muzejnirecyklace.cz\/index.php?rest_route=\/wp\/v2\/users\/2"}],"replies":[{"embeddable":true,"href":"https:\/\/www.muzejnirecyklace.cz\/index.php?rest_route=%2Fwp%2Fv2%2Fcomments&post=805"}],"version-history":[{"count":1,"href":"https:\/\/www.muzejnirecyklace.cz\/index.php?rest_route=\/wp\/v2\/pages\/805\/revisions"}],"predecessor-version":[{"id":808,"href":"https:\/\/www.muzejnirecyklace.cz\/index.php?rest_route=\/wp\/v2\/pages\/805\/revisions\/808"}],"wp:attachment":[{"href":"https:\/\/www.muzejnirecyklace.cz\/index.php?rest_route=%2Fwp%2Fv2%2Fmedia&parent=805"}],"curies":[{"name":"wp","href":"https:\/\/api.w.org\/{rel}","templated":true}]}}