{"id":220,"date":"2021-02-28T10:34:53","date_gmt":"2021-02-28T10:34:53","guid":{"rendered":"http:\/\/www.recyklacnivikend.cz\/?page_id=220"},"modified":"2025-09-04T13:37:00","modified_gmt":"2025-09-04T13:37:00","slug":"mate-doma-muzejni-kousek","status":"publish","type":"page","link":"https:\/\/www.muzejnirecyklace.cz\/?page_id=220","title":{"rendered":"M\u00e1te doma muzejn\u00ed kousek?"},"content":{"rendered":"\n<div class=\"wp-block-group is-layout-flow\"><div class=\"wp-block-group__inner-container\">\n<div class=\"wp-block-group alignfull is-layout-flow\"><div class=\"wp-block-group__inner-container\">\n<h2 class=\"wp-block-heading has-text-align-center has-background-color has-accent-background-color has-text-color has-background\"><a href=\"https:\/\/www.muzejnirecyklace.cz\/?page_id=305\" target=\"_blank\" rel=\"noreferrer noopener\">V\u00fdsledky sout\u011b\u017e\u00ed<\/a><\/h2>\n<\/div><\/div>\n<\/div><\/div>\n\n\n\n<p class=\"has-text-align-center has-accent-color has-text-color\" style=\"font-size:26px\"><strong> \u201eM\u00e1te doma muzejn\u00ed kousek?\u201c. Sout\u011b\u017e s&nbsp;celorepublikovou p\u016fsobnost\u00ed pom\u016f\u017ee roz\u0161\u00ed\u0159it informaci o&nbsp;mo\u017enosti nab\u00eddnout sv\u016fj vyslou\u017eil\u00fd spot\u0159ebi\u010d do sb\u00edrek NTM.<\/strong><\/p>\n\n\n\n<div class=\"wp-block-group is-layout-flow\"><div class=\"wp-block-group__inner-container\">\n<h3 class=\"wp-block-heading has-accent-background-color has-background\">Kdo akci po\u0159\u00e1d\u00e1?<\/h3>\n\n\n\n<p class=\"has-primary-color has-text-color\" style=\"font-size:25px\">N\u00e1rodn\u00ed technick\u00e9 muzeum a kolektivn\u00ed syst\u00e9m Elektrowin. N\u00e1rodn\u00ed technick\u00e9 muzeum sb\u00edr\u00e1 a kolektivn\u00ed syst\u00e9m Elektrowin ekologicky likviduje.<\/p>\n\n\n\n<div class=\"wp-block-button is-style-outline aligncenter\"><a class=\"wp-block-button__link wp-element-button\" href=\"https:\/\/www.muzejnirecyklace.cz\/?page_id=11\">Chci v\u011bd\u011bt v\u00edc<\/a><\/div>\n<\/div><\/div>\n\n\n\n<div class=\"wp-block-group is-layout-flow\"><div class=\"wp-block-group__inner-container\">\n<h3 class=\"wp-block-heading has-accent-background-color has-background\">Jak sout\u011b\u017e prob\u00edh\u00e1<\/h3>\n\n\n\n<p style=\"font-size:25px\">Sout\u011b\u017e je vyhl\u00e1\u0161ena od 1. 4. 2025 a prob\u00edh\u00e1 ve t\u0159ech etap\u00e1ch, a to do 30. 6., 30. 9. a 31. 12. 2025. V ka\u017ed\u00e9 etap\u011b vybere kur\u00e1tor 5 spot\u0159ebi\u010d\u016f s nejv\u00fdznamn\u011bj\u0161\u00edm p\u0159\u00ednosem pro sb\u00edrky NTM.<\/p>\n\n\n\n<div class=\"wp-block-button is-style-outline aligncenter\"><a class=\"wp-block-button__link wp-element-button\" href=\"https:\/\/www.muzejnirecyklace.cz\/?page_id=267\" target=\"_blank\" rel=\"noreferrer noopener\">To m\u011b zaj\u00edm\u00e1<\/a><\/div>\n<\/div><\/div>\n\n\n\n<div class=\"wp-block-group is-layout-flow\"><div class=\"wp-block-group__inner-container\">\n<h3 class=\"wp-block-heading has-accent-background-color has-background\">Jak sout\u011b\u017eit<\/h3>\n\n\n\n<p style=\"font-size:25px\">Pokud i vy m\u00e1te doma star\u00fd dom\u00e1c\u00ed spot\u0159ebi\u010d a r\u00e1di byste jej v\u011bnovali muzeu, sta\u010d\u00ed ud\u011blat p\u00e1r jednoduch\u00fdch v\u011bc\u00ed. Vyfo\u0165te jej, dopl\u0148te jeho popis \u2013 odhadovan\u00e9 st\u00e1\u0159\u00ed, stav, dochovan\u00e9 p\u0159\u00edslu\u0161enstv\u00ed, p\u0159\u00edpadn\u011b dal\u0161\u00ed informace (manu\u00e1l, n\u00e1vod, prodejn\u00ed doklad apod.) a za\u0161lete emailem na adresu muzejni.kousek@elektrowin.cz<\/p>\n\n\n\n<p><\/p>\n\n\n\n<div class=\"wp-block-buttons is-content-justification-center is-layout-flex wp-container-5\">\n<div class=\"wp-block-button is-style-outline\"><a class=\"wp-block-button__link wp-element-button\" href=\"mailto:muzejni.kousek@elektrowin.cz\" target=\"_blank\" rel=\"noreferrer noopener\"><strong>Chci v\u011bnovat sv\u016fj spot\u0159ebi\u010d<\/strong><\/a><\/div>\n<\/div>\n<\/div><\/div>\n\n\n\n<div class=\"wp-block-group is-layout-flow\"><div class=\"wp-block-group__inner-container\">\n<h3 class=\"wp-block-heading has-accent-background-color has-background\">Napi\u0161te n\u00e1m<\/h3>\n\n\n\n<p style=\"font-size:25px\">Zp\u011btn\u00e9 vazby si cen\u00edme a r\u00e1di se je\u0161t\u011b zlep\u0161\u00edme. M\u00e1te-li n\u00e1pad nebo je ekologie Va\u0161e t\u00e9ma a cht\u011bli byste s n\u00e1mi spolupracovat, ozv\u011bte se n\u00e1m.<\/p>\n\n\n\n<div class=\"wp-block-button is-style-outline aligncenter\"><a class=\"wp-block-button__link wp-element-button\" href=\"mailto:muzejni.kousek@elektrowin.cz\">Chci sd\u00edlet m\u016fj n\u00e1pad<\/a><\/div>\n<\/div><\/div>\n\n\n\n<h2 class=\"wp-block-heading has-text-align-center has-accent-color has-text-color\" style=\"font-size:80px\">Minul\u00e9 ro\u010dn\u00edky<\/h2>\n\n\n\n<div class=\"wp-block-columns alignwide is-layout-flex wp-container-10\">\n<div class=\"wp-block-column is-layout-flow\">\n<figure class=\"wp-block-image alignwide size-large\"><img decoding=\"async\" loading=\"lazy\" width=\"608\" height=\"456\" src=\"http:\/\/www.recyklacnivikend.cz\/wp-content\/uploads\/2021\/02\/Obrazek2.jpg\" alt=\"\" class=\"wp-image-260\" srcset=\"https:\/\/www.muzejnirecyklace.cz\/wp-content\/uploads\/2021\/02\/Obrazek2.jpg 608w, https:\/\/www.muzejnirecyklace.cz\/wp-content\/uploads\/2021\/02\/Obrazek2-300x225.jpg 300w\" sizes=\"(max-width: 608px) 100vw, 608px\" \/><\/figure>\n\n\n\n<p>Elektrick\u00e1 pe\u010denka z&nbsp;roku 1960 vyroben\u00e1 n\u00e1rodn\u00edm podnikem Elektro-Praga Hlinsko<\/p>\n<\/div>\n\n\n\n<div class=\"wp-block-column is-layout-flow\">\n<figure class=\"wp-block-image alignwide size-large\"><img decoding=\"async\" loading=\"lazy\" width=\"579\" height=\"434\" src=\"http:\/\/www.recyklacnivikend.cz\/wp-content\/uploads\/2021\/02\/Obrazek5.jpg\" alt=\"\" class=\"wp-image-263\" srcset=\"https:\/\/www.muzejnirecyklace.cz\/wp-content\/uploads\/2021\/02\/Obrazek5.jpg 579w, https:\/\/www.muzejnirecyklace.cz\/wp-content\/uploads\/2021\/02\/Obrazek5-300x225.jpg 300w\" sizes=\"(max-width: 579px) 100vw, 579px\" \/><\/figure>\n\n\n\n<p>Vysava\u010d Eta Electronic 1423 s&nbsp;kompletn\u00edm p\u0159\u00edslu\u0161enstv\u00edm poch\u00e1zej\u00edc\u00ed z&nbsp;p\u0159elomu 70.-80. let 20. stolet\u00ed<\/p>\n<\/div>\n<\/div>\n\n\n\n<p><\/p>\n","protected":false},"excerpt":{"rendered":"<p>V\u00fdsledky sout\u011b\u017e\u00ed \u201eM\u00e1te doma muzejn\u00ed kousek?\u201c. Sout\u011b\u017e s&nbsp;celorepublikovou p\u016fsobnost\u00ed pom\u016f\u017ee roz\u0161\u00ed\u0159it informaci o&nbsp;mo\u017enosti nab\u00eddnout sv\u016fj vyslou\u017eil\u00fd spot\u0159ebi\u010d do sb\u00edrek NTM. Kdo akci po\u0159\u00e1d\u00e1? N\u00e1rodn\u00ed technick\u00e9 muzeum a kolektivn\u00ed syst\u00e9m Elektrowin. N\u00e1rodn\u00ed technick\u00e9 muzeum sb\u00edr\u00e1 a kolektivn\u00ed syst\u00e9m Elektrowin ekologicky likviduje. Jak sout\u011b\u017e prob\u00edh\u00e1 Sout\u011b\u017e je vyhl\u00e1\u0161ena od 1. 4. 2025 a prob\u00edh\u00e1 ve t\u0159ech etap\u00e1ch, [&hellip;]<\/p>\n","protected":false},"author":2,"featured_media":0,"parent":0,"menu_order":0,"comment_status":"closed","ping_status":"closed","template":"","meta":[],"_links":{"self":[{"href":"https:\/\/www.muzejnirecyklace.cz\/index.php?rest_route=\/wp\/v2\/pages\/220"}],"collection":[{"href":"https:\/\/www.muzejnirecyklace.cz\/index.php?rest_route=\/wp\/v2\/pages"}],"about":[{"href":"https:\/\/www.muzejnirecyklace.cz\/index.php?rest_route=\/wp\/v2\/types\/page"}],"author":[{"embeddable":true,"href":"https:\/\/www.muzejnirecyklace.cz\/index.php?rest_route=\/wp\/v2\/users\/2"}],"replies":[{"embeddable":true,"href":"https:\/\/www.muzejnirecyklace.cz\/index.php?rest_route=%2Fwp%2Fv2%2Fcomments&post=220"}],"version-history":[{"count":51,"href":"https:\/\/www.muzejnirecyklace.cz\/index.php?rest_route=\/wp\/v2\/pages\/220\/revisions"}],"predecessor-version":[{"id":832,"href":"https:\/\/www.muzejnirecyklace.cz\/index.php?rest_route=\/wp\/v2\/pages\/220\/revisions\/832"}],"wp:attachment":[{"href":"https:\/\/www.muzejnirecyklace.cz\/index.php?rest_route=%2Fwp%2Fv2%2Fmedia&parent=220"}],"curies":[{"name":"wp","href":"https:\/\/api.w.org\/{rel}","templated":true}]}}